he tens digit of 101160622?
2
What is the thousands digit of 24760936?
0
What is the tens digit of 926551189?
8
What is the billions digit of 1121422106?
1
What is the hundreds digit of 1227023780?
7
What is the ten thousands digit of 512721978?
2
What is the units digit of 8387941?
1
What is the hundred thousands digit of 482817752?
8
What is the units digit of 1142504913?
3
What is the units digit of 172914426?
6
What is the hundreds digit of 16891011?
0
What is the millions digit of 61893853?
1
What is the hundred thousands digit of 42029899?
0
What is the units digit of 87679464?
4
What is the millions digit of 54289643?
4
What is the ten millions digit of 267416966?
6
What is the millions digit of 3245068795?
5
What is the hundred millions digit of 919767698?
9
What is the hundreds digit of 79599084?
0
What is the hundred thousands digit of 48571400?
5
What is the hundreds digit of 102957704?
7
What is the millions digit of 192224663?
2
What is the hundred millions digit of 1758614759?
7
What is the hundred millions digit of 753828367?
7
What is the thousands digit of 61437762?
7
What is the thousands digit of 168140718?
0
What is the ten thousands digit of 1838183350?
8
What is the thousands digit of 30946766?
6
What is the hundreds digit of 42501524?
5
What is the units digit of 3118239613?
3
What is the billions digit of 1758566251?
1
What is the ten millions digit of 98629981?
9
What is the hundred millions digit of 411280163?
4
What is the millions digit of 1855458374?
5
What is the ten thousands digit of 2033954233?
5
What is the thousands digit of 7882874?
2
What is the hundreds digit of 70491691?
6
What is the units digit of 2520306285?
5
What is the hundreds digit of 639675445?
4
What is the tens digit of 299990769?
6
What is the units digit of 428116589?
9
What is the millions digit of 4055082925?
5
What is the millions digit of 95890331?
5
What is the billions digit of 2081188301?
2
What is the units digit of 15561467?
7
What is the millions digit of 122857528?
2
What is the hundred thousands digit of 9039778?
0
What is the millions digit of 11043346?
1
What is the units digit of 76561442?
2
What is the billions digit of 6375443632?
6
What is the ten millions digit of 35882493?
3
What is the millions digit of 1666997961?
6
What is the hundred thousands digit of 1533284812?
2
What is the hundred thousands digit of 2517653229?
6
What is the units digit of 223355912?
2
What is the hundred millions digit of 1527123988?
5
What is the ten thousands digit of 17287635?
8
What is the ten thousands digit of 245056039?
5
What is the ten millions digit of 55036676?
5
What is the hundred millions digit of 239292329?
2
What is the hundred thousands digit of 930101347?
1
What is the hundreds digit of 213949361?
3
What is the units digit of 109979783?
3
What is the hundreds digit of 910910005?
0
What is the ten millions digit of 53141091?
5
What is the hundred millions digit of 1088322137?
0
What is the thousands digit of 74431486?
1
What is the hundred thousands digit of 970649277?
6
What is the hundreds digit of 193179527?
5
What is the ten thousands digit of 47022027?
2
What is the millions digit of 145772856?
5
What is the units digit of 4101404843?
3
What is the billions digit of 2871044784?
2
What is the thousands digit of 136032429?
2
What is the billions digit of 3085329916?
3
What is the hundred thousands digit of 521925509?
9
What is the hundreds digit of 1658483355?
3
What is the hundreds digit of 24311870?
8
What is the tens digit of 92491589?
8
What is the units digit of 3291574222?
2
What is the ten millions digit of 322305918?
2
What is the thousands digit of 1448950374?
0
What is the hundred millions digit of 3400122585?
4
What is the hundred millions digit of 710563845?
7
What is the tens digit of 49033931?
3
What is the tens digit of 301239905?
0
What is the ten millions digit of 63539042?
6
What is the tens digit of 661516099?
9
What is the hundreds digit of 647384087?
0
What is the thousands digit of 2223076?
3
What is the ten millions digit of 103182673?
0
What is the hundred thousands digit of 1918508039?
5
What is the hundreds digit of 586501530?
5
What is the tens digit of 48287254?
5
What is the hundreds digit of 674012541?
5
What is the ten thousands digit of 6777369?
7
What is the millions digit of 612669122?
2
What is the ten thousands digit of 37413479?
1
What is the hundreds digit of 256664506?
5
What is the ten millions digit of 6815685076?
1
What is the tens digit of 1964358353?
5
What is the units digit of 5307798?
8
What is the hundred thousands digit of 132659946?
6
What is the hundred thousands digit of 2651423175?
4
What is the hundred thousands digit of 163827628?
8
What is the ten millions digit of 6951011152?
5
What is the thousands digit of 48243775?
3
What is the ten millions digit of 324652707?
2
What is the hundred thousands digit of 108366435?
3
What is the ten millions digit of 41554748?
4
What is the ten thousands digit of 29041871?
4
What is the hundreds digit of 3355433460?
4
What is the thousands digit of 45724241?
4
What is the millions digit of 1755937976?
5
What is the ten millions digit of 37964229?
3
What is the ten millions digit of 95849727?
9
What is the ten thousands digit of 417690400?
9
What is the ten thousands digit of 362692771?
9
What is the hundred thousands digit of 472429819?
4
What is the hundred millions digit of 5062799670?
0
What is the millions digit of 346985357?
6
What is the hundreds digit of 6187753078?
0
What is the units digit of 19926073?
3
What is the hundreds digit of 42041503?
5
What is the units digit of 159485982?
2
What is the tens digit of 1788440363?
6
What is the ten thousands digit of 156447637?
4
What is the ten millions digit of 556954903?
5
What is the ten thousands digit of 196998232?
9
What is the hundred thousands digit of 28236502?
2
What is the thousands digit of 112312533?
2
What is the thousands digit of 7018507558?
7
What is the tens digit of 172340231?
3
What is the hundred millions digit of 530266965?
5
What is the units digit of 271778692?
2
What is the hundred thousands digit of 7822652004?
6
What is the tens digit of 128418692?
9
What is the tens digit of 439453?
5
What is the ten millions digit of 21671008?
2
What is the hundred thousands digit of 24182852?
1
What is the millions digit of 13016002?
3
What is the hundreds digit of 91422679?
6
What is the ten millions digit of 1196001729?
9
What is the hundred thousands digit of 467334752?
3
What is the hundreds digit of 1238698688?
6
What is the tens digit of 291538589?
8
What is the hundreds digit of 23356325?
3
What is the ten thousands digit of 39013890?
1
What is the hundred thousands digit of 8437034063?
0
What is the ten thousands digit of 244248972?
4
What is the units digit of 114239591?
1
What is the ten millions digit of 64599575?
6
What is the thousands digit of 1134505535?
5
What is the millions digit of 308616188?
8
What is the units digit of 102997711?
1
What is the hundred millions digit of 1593168212?
5
What is the hundred thousands digit of 43491803?
4
What is the ten thousands digit of 1169960746?
6
What is the millions digit of 119969836?
9
What is the thousands digit of 181475663?
5
What is the ten thousands digit of 402228196?
2
What is the thousands digit of 87949905?
9
What is the thousands digit of 124276760?
6
What is the millions digit of 143117582?
3
What is the units digit of 991778289?
9
What is the hundred thousands digit of 26915042?
9
What is the units digit of 1654303849?
9
What is the ten millions digit of 1790514327?
9
What is the thousands digit of 40379851?
9
What is the hundred thousands digit of 388517957?
5
What is the ten thousands digit of 151684418?
8
What is the units digit of 2105848732?
2
What is the ten thousands digit of 15580281?
8
What is the hundred thousands digit of 59093593?
0
What is the ten millions digit of 291186361?
9
What is the units digit of 283623075?
5
What is the ten thousands digit of 4813761753?
6
What is the millions digit of 1399600196?
9
What is the billions digit of 1761582597?
1
What is the millions digit of 95553247?
5
What is the thousands digit of 112339813?
9
What is the millions digit of 9085837722?
5
What is